the greatest common divisor of m and l.
9
Let u be (-4 + -70)/(0 + 1). Let o = u - -161. Calculate the greatest common divisor of o and 87.
87
Suppose -k - 8 + 29 = 0. Let t be 2 + 5 + 4 + 598. Calculate the highest common factor of k and t.
21
Suppose 5*k + 0*k - 910 = 0. Suppose -54*l + 53*l - 2 = 0. Let b be (4/(14 + -6))/(l/(-56)). Calculate the highest common factor of k and b.
14
Let v(w) = w**3 - 7*w**2 - 8*w + 2. Let q be v(8). Suppose q*u = -u + 6. Suppose 7*a = 85*a - 312. Calculate the greatest common divisor of a and u.
2
Suppose -5*h = 1704 + 366. Let n = -171 - h. Calculate the highest common factor of n and 27.
27
Suppose -15 = 381*k - 376*k. Let i(u) = -38*u - 64. Let y be i(k). What is the highest common divisor of y and 25?
25
Let t(b) = -1. Let w(x) = -12*x + 28. Let i(a) = -t(a) + w(a). Let k be i(7). Let f be k/(-5) - (-2 + 3). Calculate the highest common divisor of 5 and f.
5
Suppose r + 4*w = -0*r + 5, r - 5*w = -22. Let d = 109 + r. Calculate the highest common factor of d and 51.
51
Suppose 11*g - 6*g - 15 = 0. Let r(d) = -2*d**3 - 12*d**2 - 9*d - 15. Let i be r(-6). What is the highest common factor of g and i?
3
Let o = 3425 + -3135. What is the greatest common factor of 610 and o?
10
Let a(l) be the second derivative of 2*l**4/3 - 17*l**3/6 + 16*l**2 + 36*l - 2. Let s be a(2). Calculate the highest common factor of 165 and s.
15
Let l(g) = 12*g + 12. Let c be l(5). Suppose 20 = -5*x, -c - 33 = -5*u - 5*x. Suppose 0 = 4*p - 89 + u. Calculate the greatest common divisor of 144 and p.
16
Suppose -2*l + 534 = 2*n, -6*n = -l - 98 - 1511. Calculate the greatest common divisor of 4 and n.
4
Suppose -10531 = -a + 258*u - 255*u, -2*a = 5*u - 21018. What is the highest common factor of a and 314?
157
Let j = -47 - -314. Suppose -3*c + 3*f = -24, 5*f + 10 = -5*c - 0*f. Suppose c*u + j = 3*h, -2*u - 2*u + 84 = h. What is the highest common factor of h and 11?
11
Let b(p) = -5 + 40*p + 2 - 3*p - 17*p. Let d be b(2). Suppose -8*s + 3*s - d = -g, 0 = -2*g - 2*s + 110. Calculate the highest common factor of g and 13.
13
Suppose 0 = -j - 3*v - 1 - 3, j = -2*v - 3. Let l be (30/(-4) + 3/2)*j. What is the greatest common divisor of 6 and l?
6
Let m = 418 - 289. Let b = m - 73. What is the greatest common divisor of 16 and b?
8
Let s = 191 - 181. Suppose s*r + 18*r - 2940 = 0. Let g be ((-3)/(-2))/(4/56). What is the highest common factor of r and g?
21
Suppose 5*i - 375 - 1009 = -304. What is the greatest common factor of i and 1053?
27
Suppose -34*b + 58*b + 144*b = 4032. What is the highest common factor of b and 4224?
24
Suppose -116 = -5*k + 2*r, -5*r - 45 - 17 = -3*k. What is the greatest common factor of 824 and k?
8
Suppose 5*s = -364 + 389. Suppose 5*d - 9*d + 5*o + 40 = 0, 0 = -s*d - 3*o + 87. What is the highest common divisor of d and 165?
15
Suppose 0 = -6*t - 143 + 161. Suppose 3*p - 11*m = -7*m + 256, -t*p - 2*m = -250. Calculate the highest common divisor of p and 336.
84
Suppose 3*k + 32*k = 58*k - 1127. Calculate the highest common divisor of k and 1393.
7
Suppose 4*c + 4*k = -0*c + 4, -2*k + 6 = 4*c. Let t be 4/c*(-814)/4. Let y be (-2 + t)/(-1) - 2. What is the highest common divisor of 37 and y?
37
Let o = 228 - 121. Let v = 6 + -4. Suppose -5*x = 4*s - o, x + v*x = -3. Calculate the highest common factor of 196 and s.
28
Let d(a) = -a**3 - 13*a**2 - 47*a - 64. Let n be d(-12). Calculate the greatest common factor of 1157 and n.
89
Let b = 5347 + -4621. What is the highest common divisor of b and 792?
66
Let c = 560 - 564. Let k(i) = -27*i - 48. Let x be k(c). Calculate the highest common factor of 60 and x.
60
Let w = 289 + -274. Let c(u) be the second derivative of u**4/12 - 17*u**3/6 + 24*u**2 - 2*u. Let b be c(w). Calculate the greatest common factor of 72 and b.
18
Let y(c) = 2*c + 34. Let v(w) = 3*w - 2*w - 5 - 3 + 1. Let l be v(7). Let g be y(l). What is the greatest common factor of g and 34?
34
Let n = 269 - 263. Let b be (7/2)/(n*6/1728). Calculate the greatest common factor of b and 16.
8
Let u = 11 - 7. Suppose -4*j - 3*q = -10, 33 = 3*j - 5*q + 11. Suppose l = 2*y - 61, 0*l + j*l = -u*y + 152. Calculate the highest common divisor of y and 132.
33
Let g = -19 - -22. Suppose 0*l + g*z - 8 = l, 4*z - 28 = -3*l. Suppose -5*p - 2*j + 40 = -0*j, 0 = 2*j. Calculate the highest common divisor of l and p.
4
Suppose 4*z + z - 325 = 0. Suppose 2094*q + 390 = 2104*q. Calculate the greatest common divisor of q and z.
13
Suppose 4*u + 5*p - 371 = 0, 17*u + 5*p + 301 = 21*u. Suppose 0 = 5*c - 2*c - 63. Calculate the highest common factor of u and c.
21
Let n(b) = -b**3 + 27*b**2 + 59*b - 25. Let d be n(29). What is the highest common divisor of 37 and d?
1
Suppose -117*i - 66886 = -606373. What is the highest common divisor of i and 87?
87
Let u = -6996 + 7020. Calculate the highest common divisor of 3312 and u.
24
Suppose 445*h = -101*h + 9073428. What is the greatest common factor of h and 14?
14
Let z be (2 - 7)/(1/3*-1). Suppose z*u - 119 = 76. What is the highest common divisor of 208 and u?
13
Let o = 18071 + -16872. What is the greatest common factor of o and 55?
11
Let t = -361 + 368. Suppose -28 + 0 = -t*q. What is the greatest common factor of 62 and q?
2
Suppose -5*h + 25 = 5*y, 5*y - h = 1 - 0. Let i = 14404 - 14372. What is the highest common divisor of y and i?
1
Let b = -62 + 97. Let u(o) = -2*o**2 - 8*o - 7. Let n be u(-3). Let d = b - n. Calculate the highest common divisor of d and 24.
12
Let t(o) = 2*o**2 + 58. Let p = 101 + -101. Let i be t(p). What is the highest common divisor of i and 29?
29
Let i(o) be the third derivative of -o**5/60 - 29*o**4/24 + 39*o**3/2 + 70*o**2. Let j be i(-31). What is the highest common divisor of j and 11?
11
Let s = 26 - 36. Let k be s/(-3) - (-4)/(-12). Let m = -243343 - -243358. What is the greatest common factor of k and m?
3
Let y = -2 + 9. Suppose -s + 16 = y*s. Let b be -4 + s + (4 - -13). Calculate the highest common divisor of 75 and b.
15
Suppose -9*p + 147 + 33 = 0. Suppose 13*l + p = 9*l. Let c(r) = -r**3 - 5*r**2 - 7*r - 19. Let s be c(l). Calculate the greatest common divisor of 56 and s.
8
Let y = -269 - -271. Suppose 0 = -y*q - 3*n + 40, 22 = 4*q - 2*n - 26. What is the greatest common divisor of 133 and q?
7
Let b be (1 - 4) + (-26 - -35). Let t(w) = 34*w + 8. Let n be t(7). What is the greatest common divisor of b and n?
6
Suppose 57*a - 90 = 48*a. Let v = 292 + -202. What is the greatest common divisor of v and a?
10
Let a = -24387 - -24894. What is the highest common factor of 33 and a?
3
Let o = 2807 - 2792. Calculate the greatest common divisor of o and 20640.
15
Suppose 37 = 5*u + 12. Suppose 5*g + w = 0, -u*g - 5*w = -29 + 9. Let y(a) = -a + 2. Let z be y(g). Calculate the highest common factor of 9 and z.
3
Suppose 0*f - 3*f = 3*n - 126, 4*f + 140 = 3*n. Let p = 318 - 315. Suppose p*z + 2*z = -4*w + 664, z - 130 = 2*w. What is the highest common factor of n and z?
44
Let q(g) = -g**3 - 52*g**2 - 108*g - 360. Let d be q(-50). Calculate the highest common divisor of 430 and d.
10
Suppose 4*a = 8, 0*a + 3*a - 86 = -5*o. Calculate the greatest common divisor of 3376 and o.
16
Suppose 21583 = 9*t + 21574. Calculate the greatest common factor of 194 and t.
1
Let f be 8*(-871)/(-104) - -1. What is the highest common factor of 68 and f?
68
Let l(q) = q**3 - 16*q**2 + 12*q - 47. Let z be l(16). Let d = -101 + z. Calculate the highest common factor of d and 242.
22
Let j be 106 + 3415 - (-3)/(3/4). What is the greatest common factor of 300 and j?
75
Let v(o) = o**3 - 21*o**2 - 88*o - 144. Let a be v(26). What is the greatest common divisor of a and 72?
12
Let r be 46/(-8*13/(-416)). Suppose 0 = -m - 4*m + 40. Calculate the highest common divisor of r and m.
8
Let p be 20/70 - (-333)/(-63) - -173. Calculate the greatest common factor of 3136 and p.
56
Let m be 2 - -1*(-9 - 2). Let t be 0 - (-5)/(15/m). Let a = 7 - t. What is the highest common factor of a and 30?
10
Let o(d) be the third derivative of d**4/8 + 2*d**3 + 14*d**2. Let s be o(16). Suppose 21*z = 24*z - s. Calculate the highest common divisor of z and 20.
20
Let y(z) = -2*z**2 + 25*z - 75. Let u be y(18). Let k = -117 - u. Calculate the greatest common factor of 52 and k.
52
Suppose -